 = m**2 - 3. Calculate v(c).
6
Let n(a) = a + 3. Let b(r) = 2*r + 5. Let t(x) = -6*b(x) + 11*n(x). What is t(4)?
-1
Let v(g) = 4 - g - 31*g**2 + 56*g**2 - 24*g**2. What is v(-3)?
16
Let f(b) = -2*b - 41. Let g be f(-21). Let u(a) = -12*a**2 + a - 1. Give u(g).
-12
Let o(w) = -1 - 130*w - 138*w + 278*w. What is o(-1)?
-11
Suppose 4*h + 6 + 2 = 0. Let y(p) = -4*p - 3. Give y(h).
5
Let y(q) = 2*q**2. Suppose 17*l - 19*l = 2. Determine y(l).
2
Let k(p) = -p**3 + 2*p**2 + 2*p - 3. Let b be ((-1)/3)/(5/(-90)). Let g be 15/4 + b/(-8). Give k(g).
-6
Let j(f) = -2*f**2 - f**3 - 3*f**2 + 2 + 2 - 2*f. Give j(-4).
-4
Let v be (-18)/4 - 4/8. Let f(n) = 56*n + 7 - 48*n - 3*n**2 + 4*n**2. What is f(v)?
-8
Let u(z) = z**2 - 4*z. Let h be u(5). Let f(o) = h - 2*o - 2*o - 1 + o. Calculate f(4).
-8
Let d(q) be the third derivative of -1/24*q**4 + 0*q + 1/120*q**6 - q**2 + 0 + 1/2*q**3 + 0*q**5. Suppose 5*w - 5*o = -10, -2*o = -3*w - 4 - 0. Calculate d(w).
3
Let m(p) = 4*p + 19. Let x be m(-6). Let c(t) = t**3 + 4*t**2 - 5*t - 5. Determine c(x).
-5
Let z(i) = -2*i + 5. Let s(b) = -b**3 + 9*b**2 - 7*b - 3. Let y be s(8). Calculate z(y).
-5
Let w(f) be the third derivative of f**7/2520 + f**6/720 - f**5/120 - 5*f**4/24 - 2*f**2. Let t(q) be the second derivative of w(q). Calculate t(2).
5
Let j = -43 + 46. Let s(t) be the first derivative of -2/3*t**j + 0*t**2 - 3/2*t**4 - 2 + t. Give s(-1).
5
Let x be 5*(34/(-10) + 4). Let u(r) = -2*r - 1. What is u(x)?
-7
Let r be 0/(3 + (2 - 3)). Let o(y) = 1 - 2*y + 2*y**2 - y**2 + 1 + r. Determine o(2).
2
Let h(i) = i**2 - 3*i - 3. Suppose 2*c = -2*c - 3*o + 15, 0 = 2*c + 4*o - 10. Let n be h(c). Let t(d) = 3*d + 3 - 4*d**2 + 1 - d**3 + d**2. Calculate t(n).
-5
Suppose -4*m - 5 = k + 28, 2*k + 5*m = -51. Suppose -d - 4*u - 8 = -2*u, -d + 2*u = 8. Let p = k - d. Let s(g) = g + 4. What is s(p)?
-1
Let l(a) = -10*a + 13. Let g(c) = 3*c - 4. Let y(t) = -7*g(t) - 2*l(t). Calculate y(5).
-3
Suppose -5*m - 5 = y + 6, 0 = 4*y - 3*m - 25. Let i(x) = x**3 - 4*x**2 - x. What is i(y)?
-4
Let d(m) = 0*m - 7*m**2 + 3*m + 2*m + 8. Let y(q) = q**2 - 1. Let c(k) = -d(k) - 6*y(k). Let j = -2 + 7. Give c(j).
-2
Let j(p) = -p**2 + 8*p - 9. Let l be 0 + 2 + 1 + 2. Suppose l = t - 11. Suppose t = -4*v, h - 5*v - 8 = 3*h. What is j(h)?
3
Let y(n) = n**2 + 2*n - 3. Let x be (-2)/3 + (-80)/(-30). Determine y(x).
5
Let o = 40 + -19. Let g(a) = -3 - 18*a + 38*a - o*a. Determine g(-2).
-1
Let j(o) = -o + 1. Let b(t) = -t - 4. Let n(d) = d**2 + 6*d - 4. Let x be n(-7). Suppose i = -x*i. Let a be b(i). What is j(a)?
5
Let u be (-508)/(-127) - (8 - (-1 - -1)). Let a(n) = -11*n**2 - 15*n - 10. Let k(x) = -7*x**2 - 10*x - 7. Let z(f) = -5*a(f) + 8*k(f). Give z(u).
-2
Let p(s) be the third derivative of s**4/24 - 5*s**3/3 - s**2. Let d be 3/((-9)/15)*-1. Determine p(d).
-5
Let p(k) be the third derivative of k**6/120 - k**5/12 - k**4/24 + k**3/2 - k**2. Let m be (0/(-3) + 5)/1. Determine p(m).
-2
Let m(z) = -z + 8. Suppose 2*d - 10 = -v + 1, -4*v + 26 = 5*d. Give m(d).
2
Suppose -4*f + 4*b + 4 + 8 = 0, 0 = 5*f + b - 27. Let t(x) = x**2 - 6*x + 6. Calculate t(f).
1
Let f(o) = -o + 4. Let x be f(0). Let i be (-6)/((-2)/x + 2). Let l(y) = -2*y - 4. Give l(i).
4
Let n(m) = -4*m - 8. Let w be n(-4). Suppose j = -3*j - 5*a + 2, 2*j + w = 2*a. Let c(z) = 2*z. What is c(j)?
-4
Let k(f) be the second derivative of -1/2*f**2 + 1/3*f**3 - f - 1/4*f**4 + 0. What is k(1)?
-2
Let a(w) = -w**3 + w**2 + 2*w. Let b(p) = -p**2 + 6*p - 2. Let c be b(4). Suppose 2*y + 5*r - 26 = 0, y - 4*r = -c - 7. Suppose y + 5 = 4*j. Calculate a(j).
0
Let q(n) be the first derivative of -n**4/4 + 7*n**3/3 - 8*n - 14. Determine q(7).
-8
Let s(j) = -3*j - 4. Suppose 0 = r - 10 + 5. Suppose 3 = o - 3*k, -r*o - 13 = 4*k + 10. Give s(o).
5
Let r(v) = v**2 + 5*v + 2. Suppose 2*d + 10 = -y, 0 = -2*y + 3*d + 1. Let l = y - 0. Calculate r(l).
-2
Let m(a) = a**3 + 2*a**2 + 2*a. Suppose 0 = -4*x - x + 25. Let l(c) = 2*c**3 + 5*c**2 + 5*c - 1. Let t(w) = x*m(w) - 2*l(w). Determine t(2).
10
Let f(n) = -4*n**2 + 2*n + 9. Let t(h) = 2*h**2 - h - 5. Let d(o) = 3*f(o) + 5*t(o). Determine d(2).
-4
Suppose 0 = 5*k - 3*m - 42, k - 6*k = m - 46. Let r(i) = 9*i - 10*i - 1 + k. Determine r(-6).
14
Let m be 96/54 - (-2)/9. Suppose m*y + 2*y - 24 = 0. Let n(u) = -u + 5. What is n(y)?
-1
Let o(w) = -1. Let g(c) = -2*c - 6. Let l(t) = g(t) - 6*o(t). Calculate l(-4).
8
Let n(z) = -2*z. Let u be n(-1). Suppose u*h = 2*k - 1 - 5, 0 = -5*h - 2*k - 29. Let m(x) = 6*x**2 + 13 - 8*x**3 + 6*x - 7 + 4*x**3 + 5*x**3. Determine m(h).
1
Suppose 2*g + 3*c + 3 = 12, 11 = g - 5*c. Let w(t) = t**2 - 7*t + 8. Calculate w(g).
2
Let b(t) = t**3 + 4*t**2 + 2*t + 2. Let v be 24/(-16)*4/3. What is b(v)?
6
Let f be (-2 - -6) + -1 + 0. Let j(n) = -3*n - n + n**2 + f*n + 4*n. Give j(-5).
10
Let u be -2 - 4 - 12/(-3). Let c(j) = -3*j + 1. Give c(u).
7
Let u(w) = -3*w - 1. Let h be ((-16)/(-10))/(6/15). Suppose 3*j = -j + h. What is u(j)?
-4
Let m(a) be the second derivative of a**5/20 + 5*a**4/12 - 2*a**3/3 - 3*a**2/2 + 7*a. Determine m(-5).
17
Let r(j) = 11*j + 17. Let l(u) = -7*u - 11. Let x(d) = -8*l(d) - 5*r(d). Let m be 2/4*-3*38. Let k be m/(-11) - (-2)/(-11). Calculate x(k).
8
Let u(x) = -x**3 + x**2 - 7. Let s(h) = -h**3 + 2*h**2 - 9. Let f(l) = 3*s(l) - 4*u(l). Calculate f(-3).
-8
Let d(l) = -l - 1. Let i(n) = -3*n - 2. Let v be i(-2). Let q be d(v). Let a(u) = -u - 1. Let p(s) = -2*s - 1. Let k(g) = 3*a(g) - 2*p(g). Give k(q).
-6
Let i = -27 - -29. Let w(l) = l - 2. Determine w(i).
0
Let k(o) be the first derivative of o**4/24 - 7*o**3/6 + 2*o**2 - 6. Let b(f) be the second derivative of k(f). Determine b(5).
-2
Let d(g) be the third derivative of -19*g**5/60 + g**4/24 - 2*g**2. Give d(1).
-18
Let z(p) = p**3 + 4*p**2 + p + 4. Let n be ((-2)/4)/((-12)/192). Suppose -i - n = i. Determine z(i).
0
Let t(q) = q. Let s(i) be the first derivative of -i**3/3 + 3*i**2/2 - 3*i + 4. Let j be s(3). What is t(j)?
-3
Let u(g) be the second derivative of -g**5/20 + g**4/6 - g**3/6 - 33*g. Determine u(2).
-2
Let s(r) = 7*r - 1. Let o(k) = 8*k - 2. Let a(i) = -4*o(i) + 5*s(i). What is a(4)?
15
Let k(r) = -4*r + 1. Let b = 23 + -26. Give k(b).
13
Let y(g) = 35*g - 28*g - 4*g**3 + 1 + 3*g**3 - 5*g**2. Let p be 1/((-2)/10) + -1. Determine y(p).
-5
Let s(j) = -6*j**2 + 0*j - j + 0*j**2 + 1 + 2*j**2. What is s(1)?
-4
Suppose 3 = 3*p, 3*a - 6 - 1 = -p. Let b(x) = -x**3 - x**2 + x + 2. Give b(a).
-8
Let q(h) = -h. Let p(t) be the third derivative of t**6/120 - t**5/30 - t**4/8 - t**3/6 - 2*t**2. Let k be p(3). Calculate q(k).
1
Let s(g) = 2*g**2 + 8*g + 4. Let f(k) = -k - 3. Let j(o) = o - 1. Let w(h) = f(h) + 2*j(h). Let x be w(0). Determine s(x).
14
Suppose 0*o + 5*o = 3*o. Let r(v) = -v**3 + v**2 + 11. Give r(o).
11
Let n be (-2)/5 - 26/10. Let t = n - -5. Let x(k) = -3*k - 2. Give x(t).
-8
Let p(n) = -4 + 4*n**2 - 4*n - 3*n + n**2. Let c(q) = 14*q**2 - 21*q - 11. Let h(k) = -4*c(k) + 11*p(k). Let a = 42 - 36. What is h(a)?
6
Let l(q) = -q + 24. Let z be l(19). Let a(c) = -c**2 + 8*c - 4. Give a(z).
11
Let y be (-30)/225 - 2/(-15). Let i(a) be the first derivative of a**4/12 + a**3/6 + 9*a**2/2 - a + 3. Let t(b) be the first derivative of i(b). Give t(y).
9
Let o(r) = -r**2 - r + 7. Suppose -3*v = -4 - 5. Suppose -v*j = -2*j. What is o(j)?
7
Let g(v) = v + 5. Let s(c) = -c**3 - 5*c**2 + 4*c - 8. Let b be s(-6). Suppose 2*h - 4*w = 2, w + 3*w + 44 = -b*h. What is g(h)?
-2
Let w(a) be the second derivative of -a**5/20 - 5*a**4/12 + a**3/6 + 5*a**2/2 - a. Let p = -7 - -2. Give w(p).
0
Let j(n) be the third derivative of -2*n**2 + 0*n + 1/24*n**4 + n**3 + 0. Determine j(0).
6
Let p(s) = 9*s**3 + 12*s**2 - 15*s - 23. Let h(d) = 5*d**3 + 6*d**2 - 8*d - 12. Let m(n) = -11*h(n) + 6*p(n). Give m(5).
9
Let g = 3 - 1. Let f(h) = h**3 - h**2 + 2*h + 1. Calculate f(g).
9
Let i(x) be the third derivative of 2*x**2 - 5/6*x**3 + 1/24*x**4 + 0*x + 0. Let u be i(4). Let q(z) = -7*z - 1. Determine q(u).
6
Let n(t) = -5*t**2 - 7. Let s(g) = -g**2 + 0*g**2 - 1 + 0. Let w(b) = -n(b) + 6*s(b). Calculate w(2).
-3
Let x(u) be the first derivative of -u**3/3 - 4*u**2 - 5*u + 44. Calculate x(-7).
2
Let s(z) = z**3 + 9*z**2 + 3*z + 19. Let q be s(-9). Let l(k) = -k**3 - 8*k**2 